t w = 5 + -3. Calculate the greatest common divisor of a and w.
2
Let u(h) = 2*h**2 + 2*h. Let i be u(1). Suppose i*w - 58 + 14 = 0. Calculate the greatest common factor of 110 and w.
11
Suppose 23*h = 28*h + 44710. Let s be (-2)/10 - h/85. Calculate the greatest common factor of 15 and s.
15
Suppose -3*m + 15 = -15. Suppose -5*t - 5*d + 35 = 0, -4*t = 5*d - m - 14. Let r = t + 4. Calculate the greatest common factor of r and 105.
15
Let z(i) = i**3 - 2*i - 7. Let a be z(4). Suppose -y = -j - a, 0*y + 49 = y - 4*j. Calculate the greatest common divisor of y and 49.
49
Let l = 34 + -36. Let k(x) = -17*x**3 - 3*x**2 - 2*x. Let s be k(l). What is the greatest common divisor of s and 32?
32
Let q = -262 - -267. What is the highest common factor of q and 5?
5
Suppose -2*z - 8 = 0, 2*b - 3*z + 0*z = 22. Suppose 32 - b = 3*l. Suppose 3*f - l = -3. What is the greatest common factor of 12 and f?
2
Suppose 7*r + 5 = -2. Let b = 31 - r. What is the greatest common divisor of 64 and b?
32
Suppose 56*t = 61*t - 165. Calculate the greatest common divisor of 6 and t.
3
Let k(u) = 3*u - 2. Let g be 3*(3 + 0 - 2). Let x be k(g). What is the greatest common divisor of x and 35?
7
Suppose u + 5*p - 19 = 0, 15 = 4*u + 2*p - 43. Suppose 4*l - 3*k - 504 = 0, 0 = l + 4*k - 117 - 9. Calculate the highest common divisor of l and u.
14
Let t(n) be the third derivative of -19*n**4/24 - 5*n**3/6 - 5*n**2. Let b be t(-2). Suppose -2 = -5*i + b. What is the highest common divisor of i and 63?
7
Suppose -r - 20 = -5*v - 58, 0 = 3*r + 4*v - 19. Let p be 21*(5 + 2) - 4. What is the highest common divisor of p and r?
13
Suppose 476 + 226 = 78*a. Calculate the greatest common factor of a and 1629.
9
Suppose 35 = 5*j - 45. Suppose -p = 2*w - 0*p - 6, 5*w + 2*p = j. Calculate the greatest common factor of w and 52.
4
Let r be 80868/138 + (1 - -2). Calculate the greatest common factor of 38 and r.
19
Suppose -3*b = m - 91, -b - 7*m = -12*m - 25. Calculate the highest common divisor of 162 and b.
6
Let o(q) = -q**2 + 4*q + 245. Let n be o(16). What is the greatest common factor of n and 1431?
53
Suppose -196 = -5*r - 46. Suppose 32*i = i + 465. What is the greatest common factor of i and r?
15
Let n(l) = -2*l + 61. Let z be n(18). Calculate the greatest common divisor of z and 5.
5
Let n(h) = -2*h. Let l be n(-2). Suppose -c - 195 = -l*c. Calculate the greatest common factor of c and 13.
13
Let h(m) = 23*m - 103. Let n be h(5). Calculate the greatest common factor of n and 372.
12
Let a(z) = 364*z**3 - 2*z**2 + z. Let r be a(1). What is the greatest common divisor of 33 and r?
33
Suppose -3*q - 2 = 4*b, -5*b + q + 2*q - 16 = 0. Let t(o) = -6*o + 3. Let k be t(b). Calculate the greatest common divisor of 45 and k.
15
Suppose -3*j + 876 = 4*g, 7*g - 3*g + j - 868 = 0. Calculate the highest common factor of 8 and g.
8
Let a be -8*-5*18/15. What is the greatest common factor of 6 and a?
6
Suppose 4*c - 44 = -2*x, -4*c - 2 = 2. Suppose -x = -3*p + 48. What is the highest common divisor of p and 36?
12
Let l = 121 + -119. What is the highest common factor of l and 74?
2
Suppose -8123 = -5*a - 8098. Let m(r) = r + 11. Let i be m(-6). What is the greatest common divisor of i and a?
5
Let l(a) = 599*a**2 + 26*a - 1. Let i be l(1). What is the highest common factor of 195 and i?
39
Let z be 25/20*(1 - -23). What is the highest common factor of z and 50?
10
Let v(j) = 3*j**2 - j. Let y be v(1). Suppose -p + 2*q = -3*p + 62, -y*p + 5*q = -34. What is the greatest common divisor of 9 and p?
9
Let i(a) = -47*a + 481. Let h be i(8). What is the highest common divisor of 770 and h?
35
Let h(o) = o**2 + 8*o + 17. Let t be h(-5). Suppose 461 = 3*r + 4*i, i - 603 = -4*r - t*i. Calculate the greatest common factor of r and 21.
21
Let w be 357 + 9/3 - -3. Suppose 5*n + w = -317. Let t be n/(-5) + 4/(-20). What is the highest common factor of t and 27?
27
Let v = -1 + 12. Let t be (1 - 2)*v/(-1). Calculate the highest common factor of 44 and t.
11
Let k(y) = -y**3 + 10*y**2 + 10*y + 14. Let i be k(11). Suppose -2*d = i*d - 440. Let p be (d/(-24))/((-2)/6). What is the greatest common factor of p and 110?
11
Let x(i) = i**2 + 2*i - 7. Let r be x(-6). Calculate the greatest common factor of r and 170.
17
Suppose -3*h + 11 = -1. Suppose -n = -h*n - 3. Let d be -18*(3 + -8 - n). What is the highest common factor of 18 and d?
18
Let q be ((-274)/6)/(14/(-42)). Suppose q = 3*t - 5*b, b - 113 = -t - 2*t. Calculate the highest common divisor of 3 and t.
3
Let o(b) = b**3 - 8*b**2 - 12*b + 1. Suppose -m = -s + 10, -s - 2*s = m - 30. Let j be o(s). What is the highest common divisor of 9 and j?
9
Let a be 1*-7*3/(-1). Let g = a + -5. Suppose 4*s = -s + 10. What is the highest common factor of g and s?
2
Let l(d) = 4*d**2 + d - 10. Let i be l(3). Suppose i = 3*y - 301. What is the highest common divisor of 44 and y?
22
Suppose -4*h - 10*t = -13*t - 358, 2*t + 4 = 0. What is the highest common divisor of 64 and h?
8
Let h(y) = y**2 + 11*y - 5. Let i be (-12)/8 - (-22)/(-4). Let f be h(i). Let w be 6/(-33) + (-435)/f. What is the greatest common divisor of w and 26?
13
Let f = 39 + -35. Let r be -1 + (-8 + f - -257). Suppose 0 = 4*p - 4*t - r, 122 = -2*p + 4*p - 4*t. What is the highest common divisor of p and 26?
13
Suppose 0*w = 4*w. Suppose w = -n - 4*n. Let g be 6 + n/(7 + -3). Calculate the highest common divisor of g and 9.
3
Let b be 29 + (-10*1 - (-135)/27). Calculate the greatest common factor of b and 156.
12
Suppose 0 = 8*l - 146 - 62. Calculate the highest common divisor of l and 286.
26
Suppose 1 = -2*m - m + 2*y, 0 = -4*m + 3*y - 3. Suppose -5*k = 15, 0 = -j - m*k - k + 10. Calculate the greatest common factor of 77 and j.
11
Let v = -14 - -15. Suppose -4*l = 4*c, -4*c = 5*l - 4 - v. Let s be ((-4)/c)/(1/10). Calculate the greatest common divisor of s and 8.
8
Let w be 105/28 - 3 - 305/(-20). Calculate the greatest common factor of 216 and w.
8
Let y be ((-2380)/40)/((-1)/2). What is the highest common factor of 14 and y?
7
Suppose 2808*n + 2016 = 2815*n. What is the greatest common divisor of 198 and n?
18
Let o(d) = -d**3 + 13*d**2 + 14*d - 2. Let m be o(14). Let g be ((-3)/1 - 24/16)*m. Calculate the greatest common factor of 144 and g.
9
Let r(o) = -53*o + 19 + 14*o + 24 + 27*o**2 - 25*o**2. Let n be r(20). What is the greatest common factor of 9 and n?
9
Let o = 242 + -147. Let k(l) = l**2 + 3*l + 4. Let s be k(-2). Suppose -47 = -s*v - 3*u, 2*v = -3*u - u + 50. Calculate the highest common divisor of v and o.
19
Suppose 2*h + 60 = 8*h. Let w(z) = z**3 - 11*z**2 + 14*z - 12. Let n be w(h). What is the highest common divisor of n and 308?
28
Let q(b) = -b**2 - 12*b - 22. Let k be q(-9). Suppose 0 = -o - 1, 131 = k*j - 2*o - 221. Calculate the highest common factor of 40 and j.
10
Let t(v) = -v**3 + 5*v**2 - v + 5. Let b(n) = 2*n**2 - n + 1. Let s be b(3). Suppose s - 7 = 3*x. Let z be t(x). What is the highest common divisor of z and 40?
20
Suppose 6 = 13*q - 7*q. Let n be 3*q + 64/16 - -2. What is the greatest common factor of n and 36?
9
Suppose -8*z + 12 = -12. Suppose -2*o = o - 39. Suppose z*i - 2*i - o = 0. What is the highest common factor of i and 52?
13
Let z(q) = -q**2 - 31*q + 203. Let m be z(-35). What is the highest common divisor of m and 84?
21
Suppose 4*l = 3*l - 3*p + 6, l = -2*p + 9. Let b(o) = 4*o**2 - 6*o + 5. Let a = -6 - -1. Let s be b(a). What is the greatest common divisor of l and s?
15
Let u(c) = -3*c. Let o be u(-1). Let z = 255 - 153. Suppose -o*y + z = 3*y. What is the highest common factor of y and 51?
17
Let v be 181 - (4 - 3 - 0). Let f = v - 92. Let l(p) = p**3 - 10*p**2 - 8*p - 11. Let m be l(11). What is the highest common factor of f and m?
22
Let a be (2/4)/((-4)/(-272)). Let j be 13/(-546)*7 + (-205)/(-6). Calculate the highest common divisor of j and a.
34
Let v = 42 - 35. Suppose 2*z - 116 = 88. Let t = z + -46. What is the greatest common divisor of t and v?
7
Let i be (-124)/(-434)*(-5537)/(-2). What is the greatest common divisor of 113 and i?
113
Suppose 0 = -2*t - 6*l + 9*l, t - 22 = -4*l. Suppose -4*p = -4*c + 3*c + 29, 4*p = -20. What is the highest common factor of t and c?
3
Suppose 4*q + 4 = 16. Let z = 6 - q. Suppose -u + 25 = -3*p + 8*p, -15